{"id":96,"date":"2021-03-17T01:58:42","date_gmt":"2021-03-17T01:58:42","guid":{"rendered":"https:\/\/visiones.uniandes.edu.co\/rruizv\/?page_id=96"},"modified":"2021-05-21T00:00:03","modified_gmt":"2021-05-21T00:00:03","slug":"cronograma","status":"publish","type":"page","link":"https:\/\/visiones.uniandes.edu.co\/rruizv\/cronograma\/","title":{"rendered":"Cronograma"},"content":{"rendered":"\n<p><span class=\"has-inline-color has-black-color\">Por autor u obras de un autor que trabaje, subir\u00e9 un documento en donde se exponga y reflexione, en t\u00e9rminos generales, elementos que considere y puedan ser valiosos para el desarrollo del trabajo. Un primer resultado fue el documento sobre la melancol\u00eda en los tratados hipocr\u00e1ticos. Un segundo resultado fue el documento sobre la idea del vac\u00edo en los presocr\u00e1ticos, el cual enlac\u00e9 con el primero. Un tercer resultado ha sido un documento sobre la primera parte de la obra de Jenefer Robinson, es decir, lo que se entiende por emociones y c\u00f3mo operan. Un cuarto resultado ha sido un documento sobre ciertas consideraciones sobre el cap\u00edtulo donde se buscan relaciones entre Freud y la filosof\u00eda griega (Emp\u00e9docles y Plat\u00f3n). He le\u00eddo los di\u00e1logos de Plat\u00f3n y me encuentro en la elaboraci\u00f3n de un documento donde plasme las ideas centrales que pueden ayudar al trabajo.<\/span><\/p>\n\n\n\n<p><span class=\"has-inline-color has-black-color\">Paralelo a esto, leo obras cl\u00e1sicas que pueden aportar, o no, aunque en la mayor\u00eda de veces s\u00ed lo hacen mediante referencias al contexto y a la \u00e9poca. Por ejemplo, conclu\u00ed un tomo de varias obras de Jenofonte, <em>El Satiric\u00f3n<\/em> y <em>El asno de oro<\/em> de Apuleyo, posteriormente leer\u00e9 <em>Qu\u00e9reas y Cal\u00edrroe<\/em> de Carit\u00f3n de Afrodisias. Terminar\u00e9 de leer las tragedias de S\u00f3focles y Eur\u00edpides, elaborando as\u00ed un documento para el trabajo posterior. Desde luego, la idea es ir desarrollando el proyecto de acuerdo a las indicaciones de un tutor, reformulando los planteamientos cuando sea necesario.<\/span><\/p>\n\n\n\n<figure class=\"wp-block-table aligncenter\"><table><tbody><tr><td class=\"has-text-align-center\" data-align=\"center\"><strong><span class=\"has-inline-color has-black-color\">Junio<\/span><\/strong><\/td><td class=\"has-text-align-center\" data-align=\"center\"><strong><span class=\"has-inline-color has-black-color\">Julio<\/span><\/strong><\/td><td class=\"has-text-align-center\" data-align=\"center\"><strong><span class=\"has-inline-color has-black-color\">Agosto<\/span><\/strong><\/td><\/tr><tr><td class=\"has-text-align-center\" data-align=\"center\"><span class=\"has-inline-color has-black-color\">Continuaci\u00f3n de la lectura de <em>Saturno y la melancol\u00eda<\/em>. Trabajo en el documento sobre Plat\u00f3n.<\/span><\/td><td class=\"has-text-align-center\" data-align=\"center\"><span class=\"has-inline-color has-black-color\">Lecturas de la obra <em>Sobre la naturaleza<\/em> de Lucrecio.<\/span><\/td><td class=\"has-text-align-center\" data-align=\"center\"><span class=\"has-inline-color has-black-color\">Concluir las lecturas de los tres grandes tr\u00e1gicos e iniciar la escritura de un documento. Tambi\u00e9n sobre Epicuro.<\/span><\/td><\/tr><tr><td class=\"has-text-align-center\" data-align=\"center\"><span class=\"has-inline-color has-black-color\">Inicio de lecturas de Arist\u00f3teles apuntadas en el corpus.<\/span><\/td><td class=\"has-text-align-center\" data-align=\"center\"><span class=\"has-inline-color has-black-color\">Comienzo de elaboraci\u00f3n de documentos sobre Arist\u00f3teles.<\/span><\/td><td class=\"has-text-align-center\" data-align=\"center\"><span class=\"has-inline-color has-black-color\">Continuaci\u00f3n de las lecturas de Virgilio.<\/span><\/td><\/tr><tr><td class=\"has-text-align-center\" data-align=\"center\"><span class=\"has-inline-color has-black-color\">Lectura y revisi\u00f3n de los fragmentos de Epicuro y de su filosof\u00eda.<\/span><\/td><td class=\"has-text-align-center\" data-align=\"center\"><span class=\"has-inline-color has-black-color\">Inicio de lectura de las obras de Virgilio mencionadas en el corpus romano.<\/span><\/td><td class=\"has-text-align-center\" data-align=\"center\"><span class=\"has-inline-color has-black-color\">Inicio de lecturas de las obras de Horacio mencionadas en el corpus.<\/span><\/td><\/tr><\/tbody><\/table><\/figure>\n","protected":false},"excerpt":{"rendered":"<p>Por autor u obras de un autor que trabaje, subir\u00e9 un documento en donde se exponga y reflexione, en t\u00e9rminos generales, elementos que considere y puedan ser valiosos para el<span class=\"more-button\"><a href=\"https:\/\/visiones.uniandes.edu.co\/rruizv\/cronograma\/\" class=\"more-link\">Continue reading<span class=\"screen-reader-text\">Cronograma<\/span><\/a><\/span><\/p>\n","protected":false},"author":90,"featured_media":0,"parent":0,"menu_order":0,"comment_status":"closed","ping_status":"closed","template":"","meta":{"_themeisle_gutenberg_block_has_review":false,"footnotes":""},"class_list":["post-96","page","type-page","status-publish","hentry"],"_links":{"self":[{"href":"https:\/\/visiones.uniandes.edu.co\/rruizv\/wp-json\/wp\/v2\/pages\/96","targetHints":{"allow":["GET"]}}],"collection":[{"href":"https:\/\/visiones.uniandes.edu.co\/rruizv\/wp-json\/wp\/v2\/pages"}],"about":[{"href":"https:\/\/visiones.uniandes.edu.co\/rruizv\/wp-json\/wp\/v2\/types\/page"}],"author":[{"embeddable":true,"href":"https:\/\/visiones.uniandes.edu.co\/rruizv\/wp-json\/wp\/v2\/users\/90"}],"replies":[{"embeddable":true,"href":"https:\/\/visiones.uniandes.edu.co\/rruizv\/wp-json\/wp\/v2\/comments?post=96"}],"version-history":[{"count":6,"href":"https:\/\/visiones.uniandes.edu.co\/rruizv\/wp-json\/wp\/v2\/pages\/96\/revisions"}],"predecessor-version":[{"id":255,"href":"https:\/\/visiones.uniandes.edu.co\/rruizv\/wp-json\/wp\/v2\/pages\/96\/revisions\/255"}],"wp:attachment":[{"href":"https:\/\/visiones.uniandes.edu.co\/rruizv\/wp-json\/wp\/v2\/media?parent=96"}],"curies":[{"name":"wp","href":"https:\/\/api.w.org\/{rel}","templated":true}]}}