{"id":2,"date":"2021-02-20T00:20:18","date_gmt":"2021-02-20T00:20:18","guid":{"rendered":"https:\/\/visiones.uniandes.edu.co\/mklenes\/?page_id=2"},"modified":"2022-09-18T03:20:19","modified_gmt":"2022-09-18T03:20:19","slug":"pagina-ejemplo","status":"publish","type":"page","link":"https:\/\/visiones.uniandes.edu.co\/mklenes\/pagina-ejemplo\/","title":{"rendered":"Vallenato fariano"},"content":{"rendered":"\n<p>El proyecto musical fariano apunt\u00f3 a la expansi\u00f3n territorial de la guerrilla en el Caribe durante finales del siglo XX a trav\u00e9s de actividades que apelaban directamente a las relaciones identitarias y de integraci\u00f3n de la m\u00fasica. Las din\u00e1micas creadas a partir de este \u00faltimo t\u00e9rmino son sin duda uno de los aspectos sociales m\u00e1s sorprendentes: la m\u00fasica es en s\u00ed misma una herramienta cohesionadora, un lenguaje y un s\u00edmbolo. Asimismo, el proyecto ideol\u00f3gico de las FARC estuvo acompa\u00f1ado de la consolidaci\u00f3n de un proyecto cultural que apelara al fortalecimiento de la identidad fariana. Cabe resaltar que quienes ingresaban a ser parte de los bloques de las FARC entregaban su vida desde el servicio y la militancia, por lo que su cotidianidad como civiles pasaba a ser casi inexistente, as\u00ed como las actividades por fuera de la guerrilla. <\/p>\n\n\n\n<p>Algunos de los cantantes m\u00e1s reconocidos, que adem\u00e1s estar\u00e1n incluidos en esta idea modesta de repositorio son: Juli\u00e1n Conrado, Lucas Iguar\u00e1n y Cristi\u00e1n P\u00e9rez. <\/p>\n\n\n\n<figure class=\"wp-block-embed is-type-video is-provider-youtube wp-block-embed-youtube wp-embed-aspect-4-3 wp-has-aspect-ratio\"><div class=\"wp-block-embed__wrapper\">\n<iframe loading=\"lazy\" title=\"CONVOCO- CRISTIAN PEREZ\" width=\"1040\" height=\"780\" src=\"https:\/\/www.youtube.com\/embed\/Cps7eFzdxIw?feature=oembed\" frameborder=\"0\" allow=\"accelerometer; autoplay; clipboard-write; encrypted-media; gyroscope; picture-in-picture\" allowfullscreen><\/iframe>\n<\/div><figcaption>Canci\u00f3n: Convoco. Int\u00e9rprete: Cristi\u00e1n P\u00e9rez. Recuperado de: https:\/\/www.youtube.com\/watch?v=Cps7eFzdxIw <\/figcaption><\/figure>\n\n\n\n<p><\/p>\n\n\n\n<blockquote class=\"wp-block-quote is-style-large is-layout-flow wp-block-quote-is-layout-flow\"><p>Y mira, qu\u00e9 pasa<\/p><p>Un r\u00edo de gente dispuesta <em>pa<\/em> lo que sea.<\/p><p>Esta fiesta tiene magnitud nacional<\/p><cite>Cristi\u00e1n P\u00e9rez<\/cite><\/blockquote>\n\n\n\n<p>El bloque Caribe se caracteriz\u00f3 por la producci\u00f3n de m\u00fasica fariana y, sobre todo, por la producci\u00f3n de m\u00fasica vallenata fariana. Las FARC-EP a partir de los a\u00f1os 80 hizo un gran esfuerzo por grabar y producir canciones de la autor\u00eda de sus militantes. Este proyecto fue impulsado por Ad\u00e1n Izquierdo, comandante del frente 19 que operaba en la Sierra Nevada de Santa Marta (Reinoso, 2020). En medio de este proyecto estuvieron implicados personajes como Juli\u00e1n Conrado, tambi\u00e9n conocido como El Cantante de las FARC-EP. Conrado es un compositor y cantante oriundo de Bol\u00edvar, m\u00e1s espec\u00edficamente de Turbaco. Junto a Lucas Iguar\u00e1n grab\u00f3 el primer \u00e1lbum musical guerrillero en 1988: Mensaje Fariano (Quishpe, Bol\u00edvar, y Malag\u00f3n, 2019).  <\/p>\n\n\n\n<link href=\"https:\/\/cdn.knightlab.com\/libs\/soundcite\/latest\/css\/player.css\" rel=\"stylesheet\" type=\"text\/css\"><script type=\"text\/javascript\" src=\"https:\/\/cdn.knightlab.com\/libs\/soundcite\/latest\/js\/soundcite.min.js\"><\/script>\n\n\n\n<div class=\"wp-block-columns is-layout-flex wp-container-core-columns-is-layout-9d6595d7 wp-block-columns-is-layout-flex\">\n<div class=\"wp-block-column is-layout-flow wp-block-column-is-layout-flow\" style=\"flex-basis:66.66%\">\n<p class=\"has-text-color\" style=\"color:#98b464\"><strong>De mi pueblo para la guerrilla, Juli\u00e1n Conrado. <\/strong><\/p>\n\n\n\n<p class=\"has-small-font-size\">A mis amigos del pueblo que me conocieron siendo parrandero,<br>Hacerles saber yo quiero el por qu\u00e9 no he vuelto a parrandear,<br>Me fui a la Sierra Nevada porque he decidido hacerme guerrillero<br>Y estoy con mis compa\u00f1eros en el 19 frente de las FARC.<\/p>\n\n\n\n<p class=\"has-small-font-size\">He tomado este camino porque considero justo y necesario<br>Que los pobres de Colombia seamos quienes estemos en el poder.<\/p>\n\n\n\n<span class=\"soundcite\" data-url=\"https:\/\/visiones.uniandes.edu.co\/mklenes\/wp-content\/uploads\/sites\/84\/2022\/06\/julian-conrado-de-mi-pueblo-a-la-guerrilla.mp3\" data-start=\"0\" data-end=\"13000\" data-plays=\"1\">Ombe porque ya est\u00e1 bueno tanta explotaci\u00f3n contra los proletarios, y la lucha por ser libres es para nosotros sagrado deber<\/span>\n\n\n\n<p class=\"has-small-font-size\">Y por eso, guerrillero soy<br>Soy guerrillero.<br>Empu\u00f1o el fusil y al combatir lo hago hasta vencer<br>O hasta morir<br>Por justicia y paz que es lo que quiero.<br>Lo hago hasta vencer<br>O hasta morir<br>Por justicia y paz es lo que quiero.<\/p>\n\n\n\n<p class=\"has-small-font-size\">Nunca he querido la guerra,<br>Si ahora soy guerrero es por necesidad.<br>Guerra es lo que quiere el gobierno y tambi\u00e9n algunos militares.<br>Jos\u00e9 Prudencio Padilla defendi\u00f3 a su pueblo luchando en los mares<br>Guerrilleros de la Sierra lo defenderos con honor y lealtad.<\/p>\n<\/div>\n\n\n\n<div class=\"wp-block-column is-layout-flow wp-block-column-is-layout-flow\" style=\"flex-basis:33.33%\">\n<figure class=\"wp-block-embed is-type-video is-provider-youtube wp-block-embed-youtube wp-embed-aspect-4-3 wp-has-aspect-ratio\"><div class=\"wp-block-embed__wrapper\">\n<iframe loading=\"lazy\" title=\"Julian Conrado canta &quot;De mi pueblo para la guerrilla&quot;\" width=\"1040\" height=\"780\" src=\"https:\/\/www.youtube.com\/embed\/FTZ7Ps9NtWw?feature=oembed\" frameborder=\"0\" allow=\"accelerometer; autoplay; clipboard-write; encrypted-media; gyroscope; picture-in-picture\" allowfullscreen title=\"Julian Conrado canta \"De mi pueblo para la guerrilla\"\"><\/iframe>\n<\/div><\/figure>\n<\/div>\n<\/div>\n\n\n\n<figure class=\"wp-block-image size-full is-resized\"><img loading=\"lazy\" decoding=\"async\" src=\"https:\/\/visiones.uniandes.edu.co\/mklenes\/wp-content\/uploads\/sites\/84\/2022\/06\/sddefault.jpg\" alt=\"\" class=\"wp-image-216\" width=\"717\" height=\"538\" srcset=\"https:\/\/visiones.uniandes.edu.co\/mklenes\/wp-content\/uploads\/sites\/84\/2022\/06\/sddefault.jpg 640w, https:\/\/visiones.uniandes.edu.co\/mklenes\/wp-content\/uploads\/sites\/84\/2022\/06\/sddefault-300x225.jpg 300w\" sizes=\"auto, (max-width: 717px) 100vw, 717px\" \/><figcaption>Guillermo Torres, alias Juli\u00e1n Conrado en el v\u00eddeo El Revolucionario. Recuperado de: https:\/\/www.youtube.com\/watch?v=fJaeKXRi0R0 <\/figcaption><\/figure>\n\n\n\n<p>En un inicio, el proyecto musical estuvo completamente dirigido a un publico guerrillero y a algunos simpatizantes, pero despu\u00e9s de los Acuerdos de Paz (2010-2018) esta m\u00fasica dej\u00f3 de ser una pr\u00e1ctica clandestina (Reinoso, 2020, p. 5). Las letras del vallenato fariano est\u00e1n cargadas, en gran medida, por un mensaje de colectividad, esperanza y de lucha. <\/p>\n\n\n\n<p class=\"has-text-color\" style=\"color:#98b464\"><em><strong>Por aquel caminito, Lucas Iguar\u00e1n<\/strong><\/em><\/p>\n\n\n\n<link href=\"https:\/\/cdn.knightlab.com\/libs\/soundcite\/latest\/css\/player.css\" rel=\"stylesheet\" type=\"text\/css\"><script type=\"text\/javascript\" src=\"https:\/\/cdn.knightlab.com\/libs\/soundcite\/latest\/js\/soundcite.min.js\"><\/script>\n\n\n\n<div class=\"wp-block-columns is-layout-flex wp-container-core-columns-is-layout-9d6595d7 wp-block-columns-is-layout-flex\">\n<div class=\"wp-block-column is-layout-flow wp-block-column-is-layout-flow\">\n<p class=\"has-small-font-size\">Voy camino hacia la Sierra<br>porque en la ciudad veo mi destino incierto<br>Y aunque vaya para el monte<br>voy con emoci\u00f3n y el coraz\u00f3n contento<br>En el Frente 19<br>buscar\u00e9 el ingreso como guerrillero<br>Y al grito de insurrecci\u00f3n<br>yo les aseguro que ser\u00e9 el primero<\/p>\n\n\n\n<span class=\"soundcite\" data-url=\"https:\/\/visiones.uniandes.edu.co\/mklenes\/wp-content\/uploads\/sites\/84\/2022\/06\/Por-aquel-caminito-Lucas-Iguaran_320kbps.mp3\" data-start=\"0\" data-end=\"14000\" data-plays=\"1\">Por aquel caminito de un filo llegu\u00e9 al Frente 19 mi vida entregu\u00e9, hoy quiero que se prenda la revoluci\u00f3n y que el Bloque Caribe sea la redenci\u00f3n<\/span>\n<\/div>\n\n\n\n<div class=\"wp-block-column is-layout-flow wp-block-column-is-layout-flow\">\n<p class=\"has-small-font-size\">Al frente de la Nevada<br>como sol de Oriente<br>est\u00e1 el Bloque Caribe<br>Los Arhuacos y Arsarios<br>los Kogui, Kankuamos<br>unidos le siguen<br>Desde entonces soy el hombre<br>que en su canto lleva y expresa rebeld\u00eda<br>Que lo expresa y no lo esconde<br>si hay que ofrecer vida yo ofrezco la m\u00eda<\/p>\n\n\n\n<p class=\"has-small-font-size\">Trabajan pa\u2019 que estalle la revoluci\u00f3n<br>y romper las cadenas de la explotaci\u00f3n<br>Que no haya m\u00e1s miseria, no haya m\u00e1s dolor<br>dejar a la ni\u00f1ez un futuro mejor<\/p>\n<\/div>\n<\/div>\n\n\n\n<p>Las din\u00e1micas comerciales agr\u00edcolas fueron determinantes en la creaci\u00f3n de un mercado musical popular, es decir, los temas que permeaban las esferas sociales de quienes estaban involucrados con el microtr\u00e1fico y narcotr\u00e1fico empezaron a incluirse en la letra de las canciones y el impulso del g\u00e9nero vallenato como un elemento indispensable de las celebraciones de las personas. <\/p>\n\n\n\n<p>De este modo, tras el \u00e9xito del vallenato como recursos narrativo y cohesionador social en el periodo de Bonanza Marimbera, puede evidenciarse la apropiaci\u00f3n del g\u00e9nero vallenato por parte de las FARC-EP con fines organizativos y pol\u00edticos. El vallenato fariano apela a un componente social importante, adem\u00e1s de referirse al pensamiento pol\u00edtico y militante, hablaba de la cotidianidad de los campesinos y de la a\u00f1oranza del cambio frente a las nuevas ideolog\u00edas pol\u00edticas y econ\u00f3micas. Estas motivaciones ideol\u00f3gicas hicieron parte del plan de expansi\u00f3n territorial que quer\u00eda llevar a cabo las FARC en el bloque Caribe. <\/p>\n\n\n\n<p class=\"has-text-color\" style=\"color:#98b464\"><strong><em>Mensaje Fariano, Juli\u00e1n Conrado.<\/em><\/strong><\/p>\n\n\n\n<link href=\"https:\/\/cdn.knightlab.com\/libs\/soundcite\/latest\/css\/player.css\" rel=\"stylesheet\" type=\"text\/css\"><script type=\"text\/javascript\" src=\"https:\/\/cdn.knightlab.com\/libs\/soundcite\/latest\/js\/soundcite.min.js\"><\/script>\n\n\n\n<div class=\"wp-block-columns is-layout-flex wp-container-core-columns-is-layout-9d6595d7 wp-block-columns-is-layout-flex\">\n<div class=\"wp-block-column is-layout-flow wp-block-column-is-layout-flow\">\n<p class=\"has-small-font-size\">Miro el agua de los arroyuelos tranquilas correr<br>escucho entre el follaje las aves trinar de alegr\u00eda<br>adivino el olor de las flores que acaban de nacer<br>pero la miseria del pueblo esa es la tristeza m\u00eda<\/p>\n\n\n\n<p class=\"has-small-font-size\"><br>Lamento hasta la hora en que el mundo se nos dividi\u00f3<br>para que entre los hombres tengamos ahora que pelear<br>para m\u00ed esto no es obra del diablo tampoco de Dios<br>de la avaricia de unos canallas nace la maldad<\/p>\n\n\n\n<span class=\"soundcite\" data-url=\"https:\/\/visiones.uniandes.edu.co\/mklenes\/wp-content\/uploads\/sites\/84\/2022\/06\/mensaje-fariano.mp3\" data-start=\"0\" data-end=\"15000\" data-plays=\"1\">Quiero en vez de un fusil en mis manos llevar una flor s\u00e9 lo terrible que es la guerra para la humanidad<\/span>\nsoy un hombre que lucha pensando en sembrar el amor\nprecisamente soy guerrillero porque amo la paz\nporque amo la paz, porque amo la paz\n\n\n\n<p class=\"has-small-font-size\"><br><br><br><\/p>\n<\/div>\n\n\n\n<div class=\"wp-block-column is-layout-flow wp-block-column-is-layout-flow\">\n<p class=\"has-small-font-size\">Anoche so\u00f1\u00e9 con un mundo humano y ya sin rencor<br>qu\u00e9 pesar tener que despertar de ese sue\u00f1o tan lindo<br>como ya no exist\u00edan oprimidos, tampoco opresor<br>fund\u00edan los fusiles para hacerle columpio a los ni\u00f1os<\/p>\n\n\n\n<p class=\"has-small-font-size\"><br>Sopla brisa, envuelve y ll\u00e9vate el eco de esta canci\u00f3n<br>riega por todos los pueblos este mensaje fariano<br>que se sepa que ante la injusticia no habr\u00e1 rendici\u00f3n<br>pienso que es la paz y no la guerra el camino deseado<\/p>\n<\/div>\n<\/div>\n","protected":false},"excerpt":{"rendered":"<p>El proyecto musical fariano apunt\u00f3 a la expansi\u00f3n territorial de la guerrilla en el Caribe durante finales del siglo XX a trav\u00e9s de actividades que apelaban directamente a las relaciones<span class=\"more-button\"><a href=\"https:\/\/visiones.uniandes.edu.co\/mklenes\/pagina-ejemplo\/\" class=\"more-link\">Continue reading<span class=\"screen-reader-text\">Vallenato fariano<\/span><\/a><\/span><\/p>\n","protected":false},"author":84,"featured_media":0,"parent":0,"menu_order":0,"comment_status":"closed","ping_status":"open","template":"","meta":{"_themeisle_gutenberg_block_has_review":false,"footnotes":""},"class_list":["post-2","page","type-page","status-publish","hentry"],"_links":{"self":[{"href":"https:\/\/visiones.uniandes.edu.co\/mklenes\/wp-json\/wp\/v2\/pages\/2","targetHints":{"allow":["GET"]}}],"collection":[{"href":"https:\/\/visiones.uniandes.edu.co\/mklenes\/wp-json\/wp\/v2\/pages"}],"about":[{"href":"https:\/\/visiones.uniandes.edu.co\/mklenes\/wp-json\/wp\/v2\/types\/page"}],"author":[{"embeddable":true,"href":"https:\/\/visiones.uniandes.edu.co\/mklenes\/wp-json\/wp\/v2\/users\/84"}],"replies":[{"embeddable":true,"href":"https:\/\/visiones.uniandes.edu.co\/mklenes\/wp-json\/wp\/v2\/comments?post=2"}],"version-history":[{"count":18,"href":"https:\/\/visiones.uniandes.edu.co\/mklenes\/wp-json\/wp\/v2\/pages\/2\/revisions"}],"predecessor-version":[{"id":287,"href":"https:\/\/visiones.uniandes.edu.co\/mklenes\/wp-json\/wp\/v2\/pages\/2\/revisions\/287"}],"wp:attachment":[{"href":"https:\/\/visiones.uniandes.edu.co\/mklenes\/wp-json\/wp\/v2\/media?parent=2"}],"curies":[{"name":"wp","href":"https:\/\/api.w.org\/{rel}","templated":true}]}}

<p>El proyecto musical fariano apuntó a la expansión territorial de la guerrilla en el Caribe durante finales del siglo XX a través de actividades que apelaban directamente a las relaciones identitarias y de integración de la música. Las dinámicas creadas a partir de este último término son sin duda uno de los aspectos sociales más sorprendentes: la música es en sí misma una herramienta cohesionadora, un lenguaje y un símbolo. Asimismo, el proyecto ideológico de las FARC estuvo acompañado de la consolidación de un proyecto cultural que apelara al fortalecimiento de la identidad fariana. Cabe resaltar que quienes ingresaban a ser parte de los bloques de las FARC entregaban su vida desde el servicio y la militancia, por lo que su cotidianidad como civiles pasaba a ser casi inexistente, así como las actividades por fuera de la guerrilla. </p>



<p>Algunos de los cantantes más reconocidos, que además estarán incluidos en esta idea modesta de repositorio son: Julián Conrado, Lucas Iguarán y Cristián Pérez. </p>



<figure class="wp-block-embed is-type-video is-provider-youtube wp-block-embed-youtube wp-embed-aspect-4-3 wp-has-aspect-ratio"><div class="wp-block-embed__wrapper">
<iframe loading="lazy" title="CONVOCO- CRISTIAN PEREZ" width="1040" height="780" src="https://www.youtube.com/embed/Cps7eFzdxIw?feature=oembed" frameborder="0" allow="accelerometer; autoplay; clipboard-write; encrypted-media; gyroscope; picture-in-picture" allowfullscreen></iframe>
</div><figcaption>Canción: Convoco. Intérprete: Cristián Pérez. Recuperado de: https://www.youtube.com/watch?v=Cps7eFzdxIw </figcaption></figure>



<p></p>



<blockquote class="wp-block-quote is-style-large is-layout-flow wp-block-quote-is-layout-flow"><p>Y mira, qué pasa</p><p>Un río de gente dispuesta <em>pa</em> lo que sea.</p><p>Esta fiesta tiene magnitud nacional</p><cite>Cristián Pérez</cite></blockquote>



<p>El bloque Caribe se caracterizó por la producción de música fariana y, sobre todo, por la producción de música vallenata fariana. Las FARC-EP a partir de los años 80 hizo un gran esfuerzo por grabar y producir canciones de la autoría de sus militantes. Este proyecto fue impulsado por Adán Izquierdo, comandante del frente 19 que operaba en la Sierra Nevada de Santa Marta (Reinoso, 2020). En medio de este proyecto estuvieron implicados personajes como Julián Conrado, también conocido como El Cantante de las FARC-EP. Conrado es un compositor y cantante oriundo de Bolívar, más específicamente de Turbaco. Junto a Lucas Iguarán grabó el primer álbum musical guerrillero en 1988: Mensaje Fariano (Quishpe, Bolívar, y Malagón, 2019).  </p>



<link href="https://cdn.knightlab.com/libs/soundcite/latest/css/player.css" rel="stylesheet" type="text/css"><script type="text/javascript" src="https://cdn.knightlab.com/libs/soundcite/latest/js/soundcite.min.js"></script>



<div class="wp-block-columns is-layout-flex wp-container-core-columns-is-layout-9d6595d7 wp-block-columns-is-layout-flex">
<div class="wp-block-column is-layout-flow wp-block-column-is-layout-flow" style="flex-basis:66.66%">
<p class="has-text-color" style="color:#98b464"><strong>De mi pueblo para la guerrilla, Julián Conrado. </strong></p>



<p class="has-small-font-size">A mis amigos del pueblo que me conocieron siendo parrandero,<br>Hacerles saber yo quiero el por qué no he vuelto a parrandear,<br>Me fui a la Sierra Nevada porque he decidido hacerme guerrillero<br>Y estoy con mis compañeros en el 19 frente de las FARC.</p>



<p class="has-small-font-size">He tomado este camino porque considero justo y necesario<br>Que los pobres de Colombia seamos quienes estemos en el poder.</p>



<span class="soundcite" data-url="https://visiones.uniandes.edu.co/mklenes/wp-content/uploads/sites/84/2022/06/julian-conrado-de-mi-pueblo-a-la-guerrilla.mp3" data-start="0" data-end="13000" data-plays="1">Ombe porque ya está bueno tanta explotación contra los proletarios, y la lucha por ser libres es para nosotros sagrado deber</span>



<p class="has-small-font-size">Y por eso, guerrillero soy<br>Soy guerrillero.<br>Empuño el fusil y al combatir lo hago hasta vencer<br>O hasta morir<br>Por justicia y paz que es lo que quiero.<br>Lo hago hasta vencer<br>O hasta morir<br>Por justicia y paz es lo que quiero.</p>



<p class="has-small-font-size">Nunca he querido la guerra,<br>Si ahora soy guerrero es por necesidad.<br>Guerra es lo que quiere el gobierno y también algunos militares.<br>José Prudencio Padilla defendió a su pueblo luchando en los mares<br>Guerrilleros de la Sierra lo defenderos con honor y lealtad.</p>
</div>



<div class="wp-block-column is-layout-flow wp-block-column-is-layout-flow" style="flex-basis:33.33%">
<figure class="wp-block-embed is-type-video is-provider-youtube wp-block-embed-youtube wp-embed-aspect-4-3 wp-has-aspect-ratio"><div class="wp-block-embed__wrapper">
<iframe loading="lazy" title="Julian Conrado canta &quot;De mi pueblo para la guerrilla&quot;" width="1040" height="780" src="https://www.youtube.com/embed/FTZ7Ps9NtWw?feature=oembed" frameborder="0" allow="accelerometer; autoplay; clipboard-write; encrypted-media; gyroscope; picture-in-picture" allowfullscreen title="Julian Conrado canta "De mi pueblo para la guerrilla""></iframe>
</div></figure>
</div>
</div>



<figure class="wp-block-image size-full is-resized"><img loading="lazy" decoding="async" src="https://visiones.uniandes.edu.co/mklenes/wp-content/uploads/sites/84/2022/06/sddefault.jpg" alt="" class="wp-image-216" width="717" height="538" srcset="https://visiones.uniandes.edu.co/mklenes/wp-content/uploads/sites/84/2022/06/sddefault.jpg 640w, https://visiones.uniandes.edu.co/mklenes/wp-content/uploads/sites/84/2022/06/sddefault-300x225.jpg 300w" sizes="auto, (max-width: 717px) 100vw, 717px" /><figcaption>Guillermo Torres, alias Julián Conrado en el vídeo El Revolucionario. Recuperado de: https://www.youtube.com/watch?v=fJaeKXRi0R0 </figcaption></figure>



<p>En un inicio, el proyecto musical estuvo completamente dirigido a un publico guerrillero y a algunos simpatizantes, pero después de los Acuerdos de Paz (2010-2018) esta música dejó de ser una práctica clandestina (Reinoso, 2020, p. 5). Las letras del vallenato fariano están cargadas, en gran medida, por un mensaje de colectividad, esperanza y de lucha. </p>



<p class="has-text-color" style="color:#98b464"><em><strong>Por aquel caminito, Lucas Iguarán</strong></em></p>



<link href="https://cdn.knightlab.com/libs/soundcite/latest/css/player.css" rel="stylesheet" type="text/css"><script type="text/javascript" src="https://cdn.knightlab.com/libs/soundcite/latest/js/soundcite.min.js"></script>



<div class="wp-block-columns is-layout-flex wp-container-core-columns-is-layout-9d6595d7 wp-block-columns-is-layout-flex">
<div class="wp-block-column is-layout-flow wp-block-column-is-layout-flow">
<p class="has-small-font-size">Voy camino hacia la Sierra<br>porque en la ciudad veo mi destino incierto<br>Y aunque vaya para el monte<br>voy con emoción y el corazón contento<br>En el Frente 19<br>buscaré el ingreso como guerrillero<br>Y al grito de insurrección<br>yo les aseguro que seré el primero</p>



<span class="soundcite" data-url="https://visiones.uniandes.edu.co/mklenes/wp-content/uploads/sites/84/2022/06/Por-aquel-caminito-Lucas-Iguaran_320kbps.mp3" data-start="0" data-end="14000" data-plays="1">Por aquel caminito de un filo llegué al Frente 19 mi vida entregué, hoy quiero que se prenda la revolución y que el Bloque Caribe sea la redención</span>
</div>



<div class="wp-block-column is-layout-flow wp-block-column-is-layout-flow">
<p class="has-small-font-size">Al frente de la Nevada<br>como sol de Oriente<br>está el Bloque Caribe<br>Los Arhuacos y Arsarios<br>los Kogui, Kankuamos<br>unidos le siguen<br>Desde entonces soy el hombre<br>que en su canto lleva y expresa rebeldía<br>Que lo expresa y no lo esconde<br>si hay que ofrecer vida yo ofrezco la mía</p>



<p class="has-small-font-size">Trabajan pa’ que estalle la revolución<br>y romper las cadenas de la explotación<br>Que no haya más miseria, no haya más dolor<br>dejar a la niñez un futuro mejor</p>
</div>
</div>



<p>Las dinámicas comerciales agrícolas fueron determinantes en la creación de un mercado musical popular, es decir, los temas que permeaban las esferas sociales de quienes estaban involucrados con el microtráfico y narcotráfico empezaron a incluirse en la letra de las canciones y el impulso del género vallenato como un elemento indispensable de las celebraciones de las personas. </p>



<p>De este modo, tras el éxito del vallenato como recursos narrativo y cohesionador social en el periodo de Bonanza Marimbera, puede evidenciarse la apropiación del género vallenato por parte de las FARC-EP con fines organizativos y políticos. El vallenato fariano apela a un componente social importante, además de referirse al pensamiento político y militante, hablaba de la cotidianidad de los campesinos y de la añoranza del cambio frente a las nuevas ideologías políticas y económicas. Estas motivaciones ideológicas hicieron parte del plan de expansión territorial que quería llevar a cabo las FARC en el bloque Caribe. </p>



<p class="has-text-color" style="color:#98b464"><strong><em>Mensaje Fariano, Julián Conrado.</em></strong></p>



<link href="https://cdn.knightlab.com/libs/soundcite/latest/css/player.css" rel="stylesheet" type="text/css"><script type="text/javascript" src="https://cdn.knightlab.com/libs/soundcite/latest/js/soundcite.min.js"></script>



<div class="wp-block-columns is-layout-flex wp-container-core-columns-is-layout-9d6595d7 wp-block-columns-is-layout-flex">
<div class="wp-block-column is-layout-flow wp-block-column-is-layout-flow">
<p class="has-small-font-size">Miro el agua de los arroyuelos tranquilas correr<br>escucho entre el follaje las aves trinar de alegría<br>adivino el olor de las flores que acaban de nacer<br>pero la miseria del pueblo esa es la tristeza mía</p>



<p class="has-small-font-size"><br>Lamento hasta la hora en que el mundo se nos dividió<br>para que entre los hombres tengamos ahora que pelear<br>para mí esto no es obra del diablo tampoco de Dios<br>de la avaricia de unos canallas nace la maldad</p>



<span class="soundcite" data-url="https://visiones.uniandes.edu.co/mklenes/wp-content/uploads/sites/84/2022/06/mensaje-fariano.mp3" data-start="0" data-end="15000" data-plays="1">Quiero en vez de un fusil en mis manos llevar una flor sé lo terrible que es la guerra para la humanidad</span>
soy un hombre que lucha pensando en sembrar el amor
precisamente soy guerrillero porque amo la paz
porque amo la paz, porque amo la paz



<p class="has-small-font-size"><br><br><br></p>
</div>



<div class="wp-block-column is-layout-flow wp-block-column-is-layout-flow">
<p class="has-small-font-size">Anoche soñé con un mundo humano y ya sin rencor<br>qué pesar tener que despertar de ese sueño tan lindo<br>como ya no existían oprimidos, tampoco opresor<br>fundían los fusiles para hacerle columpio a los niños</p>



<p class="has-small-font-size"><br>Sopla brisa, envuelve y llévate el eco de esta canción<br>riega por todos los pueblos este mensaje fariano<br>que se sepa que ante la injusticia no habrá rendición<br>pienso que es la paz y no la guerra el camino deseado</p>
</div>
</div>

<p>El proyecto musical fariano apuntó a la expansión territorial de la guerrilla en el Caribe durante finales del siglo XX a través de actividades que apelaban directamente a las relaciones<span class="more-button"><a href="https://visiones.uniandes.edu.co/mklenes/pagina-ejemplo/" class="more-link">Continue reading<span class="screen-reader-text">Vallenato fariano</span></a></span></p>
