{"id":594,"date":"2024-05-21T03:36:55","date_gmt":"2024-05-21T01:36:55","guid":{"rendered":"https:\/\/visiones.uniandes.edu.co\/juan-luna\/?page_id=594"},"modified":"2024-05-23T08:07:40","modified_gmt":"2024-05-23T06:07:40","slug":"bibliografia","status":"publish","type":"page","link":"https:\/\/visiones.uniandes.edu.co\/juan-luna\/bibliografia\/","title":{"rendered":"Bibliograf\u00eda"},"content":{"rendered":"\n<figure class=\"wp-block-image size-large is-resized wp-duotone-grayscale\"><img loading=\"lazy\" decoding=\"async\" width=\"1024\" height=\"768\" src=\"https:\/\/visiones.uniandes.edu.co\/juan-luna\/wp-content\/uploads\/sites\/211\/2024\/05\/Foto-Bibliografi\u0301a-1024x768.jpeg\" alt=\"\" class=\"wp-image-598\" style=\"width:547px;height:auto\" srcset=\"https:\/\/visiones.uniandes.edu.co\/juan-luna\/wp-content\/uploads\/sites\/211\/2024\/05\/Foto-Bibliografi\u0301a-1024x768.jpeg 1024w, https:\/\/visiones.uniandes.edu.co\/juan-luna\/wp-content\/uploads\/sites\/211\/2024\/05\/Foto-Bibliografi\u0301a-300x225.jpeg 300w, https:\/\/visiones.uniandes.edu.co\/juan-luna\/wp-content\/uploads\/sites\/211\/2024\/05\/Foto-Bibliografi\u0301a-768x576.jpeg 768w, https:\/\/visiones.uniandes.edu.co\/juan-luna\/wp-content\/uploads\/sites\/211\/2024\/05\/Foto-Bibliografi\u0301a-1536x1152.jpeg 1536w, https:\/\/visiones.uniandes.edu.co\/juan-luna\/wp-content\/uploads\/sites\/211\/2024\/05\/Foto-Bibliografi\u0301a-1568x1176.jpeg 1568w, https:\/\/visiones.uniandes.edu.co\/juan-luna\/wp-content\/uploads\/sites\/211\/2024\/05\/Foto-Bibliografi\u0301a.jpeg 1600w\" sizes=\"auto, (max-width: 1024px) 100vw, 1024px\" \/><\/figure>\n\n\n\n<p>\u00ab\u00a1Acordarme de ti! S\u00ed, alma infeliz, mientras haya memoria en este agitado mundo. Yo me acordar\u00e9, y borrar\u00e9 de mi fantas\u00eda todos los recuerdos fr\u00edvolos, las sentencias de los libros, las ideas e impresiones de lo pasado que la juventud y la observaci\u00f3n estamparon en ella. Tu precepto s\u00f3lo vivir\u00e1 escrito en el libro y volumen de mi entendimiento\u00bb. <em><strong>Hamlet. Acto I, escena 4.<\/strong><\/em><\/p>\n\n\n\n<p><em>Alonso, Rodrigo<\/em>. Elogio de la low-tech. Historia y est\u00e9tica del arte tecnol\u00f3gico en Am\u00e9rica Latina. Buenos Aires: Luna Editores, 2015.<\/p>\n\n\n\n<p>Bennett, Jane. <em>Materia vibrante. Una ecolog\u00eda pol\u00edtica de las cosas<\/em>. Buenos Aires: Caja Negra, 2022. <\/p>\n\n\n\n<p>Chion, Michel. <em>La audiovisi\u00f3n: introducci\u00f3n a un an\u00e1lisis conjunto de la imagen y el sonido<\/em>. Barcelona: Paid\u00f3s, 1993.<\/p>\n\n\n\n<p>Echeverri, Clemencia y otros. <em>Liminal<\/em>. Bogot\u00e1: Banco de la Rep\u00fablica, 2019.<\/p>\n\n\n\n<p>Di\u00e9guez, Ileana. <em>Escenarios liminales: teatralidades, performances y pol\u00edtica<\/em>. Buenos Aires: Atuel, 2007.<\/p>\n\n\n\n<p>Dubatti, Jorge. <em>El convivio teatral. Teor\u00eda y pr\u00e1ctica del Teatro Comparado<\/em>. Buenos Aires: Atuel, 2003a. <\/p>\n\n\n\n<p>Han, Byung-Chul. <em>La expulsi\u00f3n de lo distinto<\/em>. Barcelona: Herder, 2017.<\/p>\n\n\n\n<p>Labelle, Brandon. <em>Agencia S\u00f3nica: el sonido y las formas incipientes de resistencia<\/em>. Ja\u00e9n: UJA, 2020. <\/p>\n\n\n\n<p>Lehmann, Hans-Thies. <em>El teatro posdram\u00e1tico<\/em>. M\u00e9xico: Paso de gato, 2013. <\/p>\n\n\n\n<p>Meigh-Andrews. <em>A History of Video Art<\/em>. Londres: Bloombsbury, 2013.<\/p>\n\n\n\n<p>Nancy, Jean-Luc. <em>A la escucha<\/em>. Buenos Aires: Amorrortu, 2007.<\/p>\n\n\n\n<p>Pareyson, Luigi. <em>Estetica. Teor\u00eda della formativit\u00e0<\/em>. (trad. Marta Auguste), Bolonia, Zanichelli. Ediciones Xorki, 2014.<\/p>\n\n\n\n<p>Rubiano Pinilla, Elkin. <em>Los Rostros, Las Tumbas y Los Rastros\u202f: El Dolor de la Guerra en el Arte Colombiano.<\/em> Bogota: Editorial UTADEO, 2022.<\/p>\n\n\n\n<p>Shakespeare, William. <em>Hamlet. Obras Completas<\/em>. Madrid: Aguilar, 1951.<\/p>\n\n\n\n<p>Spinoza, Baruch. <em>\u00c9tica demostrada seg\u00fan el orden geom\u00e9trico<\/em>. Madrid: Trotta, 2020.<\/p>\n\n\n\n<p>Vattimo, Giani. <em>Il concetto di fare in Aristotele<\/em>, <em>Opere Complete<\/em>. Vol. I, Tomo 1. Roma: Ed. Meltemi, 2007.<\/p>\n\n\n\n<p>Youngblood, Gene. <em>Cine expandido<\/em>. Buenos Aires: EDUNTREF, 2012.<\/p>\n\n\n\n<p><\/p>\n\n\n\n<ul class=\"wp-block-list\">\n<li><strong><a href=\"https:\/\/visiones.uniandes.edu.co\/juan-luna\/la-ratonera-desarrollo-del-dispositivo-escenico-como-instalacion-teatral\/\" data-type=\"page\" data-id=\"32\">La Ratonera &#8211; Desarrollo del dispositivo como instalaci\u00f3n esc\u00e9nica<\/a><\/strong><\/li>\n\n\n\n<li><strong><a href=\"https:\/\/visiones.uniandes.edu.co\/juan-luna\/\" data-type=\"page\" data-id=\"63\">Hamlet o c\u00f3mo decirle que no a un padre (muerto)<\/a><\/strong><\/li>\n<\/ul>\n","protected":false},"excerpt":{"rendered":"<p>\u00ab\u00a1Acordarme de ti! S\u00ed, alma infeliz, mientras haya memoria en este agitado mundo. Yo me acordar\u00e9, y borrar\u00e9 de mi fantas\u00eda todos los recuerdos fr\u00edvolos, las sentencias de los libros, las ideas e impresiones de lo pasado que la juventud y la observaci\u00f3n estamparon en ella. Tu precepto s\u00f3lo vivir\u00e1 escrito en el libro y&hellip; <a class=\"more-link\" href=\"https:\/\/visiones.uniandes.edu.co\/juan-luna\/bibliografia\/\">Seguir leyendo <span class=\"screen-reader-text\">Bibliograf\u00eda<\/span><\/a><\/p>\n","protected":false},"author":204,"featured_media":0,"parent":0,"menu_order":0,"comment_status":"closed","ping_status":"closed","template":"","meta":{"_themeisle_gutenberg_block_has_review":false,"footnotes":""},"class_list":["post-594","page","type-page","status-publish","hentry","entry"],"_links":{"self":[{"href":"https:\/\/visiones.uniandes.edu.co\/juan-luna\/wp-json\/wp\/v2\/pages\/594","targetHints":{"allow":["GET"]}}],"collection":[{"href":"https:\/\/visiones.uniandes.edu.co\/juan-luna\/wp-json\/wp\/v2\/pages"}],"about":[{"href":"https:\/\/visiones.uniandes.edu.co\/juan-luna\/wp-json\/wp\/v2\/types\/page"}],"author":[{"embeddable":true,"href":"https:\/\/visiones.uniandes.edu.co\/juan-luna\/wp-json\/wp\/v2\/users\/204"}],"replies":[{"embeddable":true,"href":"https:\/\/visiones.uniandes.edu.co\/juan-luna\/wp-json\/wp\/v2\/comments?post=594"}],"version-history":[{"count":22,"href":"https:\/\/visiones.uniandes.edu.co\/juan-luna\/wp-json\/wp\/v2\/pages\/594\/revisions"}],"predecessor-version":[{"id":715,"href":"https:\/\/visiones.uniandes.edu.co\/juan-luna\/wp-json\/wp\/v2\/pages\/594\/revisions\/715"}],"wp:attachment":[{"href":"https:\/\/visiones.uniandes.edu.co\/juan-luna\/wp-json\/wp\/v2\/media?parent=594"}],"curies":[{"name":"wp","href":"https:\/\/api.w.org\/{rel}","templated":true}]}}

Bibliografía

<figure class="wp-block-image size-large is-resized wp-duotone-grayscale"><img loading="lazy" decoding="async" width="1024" height="768" src="https://visiones.uniandes.edu.co/juan-luna/wp-content/uploads/sites/211/2024/05/Foto-Bibliografía-1024x768.jpeg" alt="" class="wp-image-598" style="width:547px;height:auto" srcset="https://visiones.uniandes.edu.co/juan-luna/wp-content/uploads/sites/211/2024/05/Foto-Bibliografía-1024x768.jpeg 1024w, https://visiones.uniandes.edu.co/juan-luna/wp-content/uploads/sites/211/2024/05/Foto-Bibliografía-300x225.jpeg 300w, https://visiones.uniandes.edu.co/juan-luna/wp-content/uploads/sites/211/2024/05/Foto-Bibliografía-768x576.jpeg 768w, https://visiones.uniandes.edu.co/juan-luna/wp-content/uploads/sites/211/2024/05/Foto-Bibliografía-1536x1152.jpeg 1536w, https://visiones.uniandes.edu.co/juan-luna/wp-content/uploads/sites/211/2024/05/Foto-Bibliografía-1568x1176.jpeg 1568w, https://visiones.uniandes.edu.co/juan-luna/wp-content/uploads/sites/211/2024/05/Foto-Bibliografía.jpeg 1600w" sizes="auto, (max-width: 1024px) 100vw, 1024px" /></figure>



<p>«¡Acordarme de ti! Sí, alma infeliz, mientras haya memoria en este agitado mundo. Yo me acordaré, y borraré de mi fantasía todos los recuerdos frívolos, las sentencias de los libros, las ideas e impresiones de lo pasado que la juventud y la observación estamparon en ella. Tu precepto sólo vivirá escrito en el libro y volumen de mi entendimiento». <em><strong>Hamlet. Acto I, escena 4.</strong></em></p>



<p><em>Alonso, Rodrigo</em>. Elogio de la low-tech. Historia y estética del arte tecnológico en América Latina. Buenos Aires: Luna Editores, 2015.</p>



<p>Bennett, Jane. <em>Materia vibrante. Una ecología política de las cosas</em>. Buenos Aires: Caja Negra, 2022. </p>



<p>Chion, Michel. <em>La audiovisión: introducción a un análisis conjunto de la imagen y el sonido</em>. Barcelona: Paidós, 1993.</p>



<p>Echeverri, Clemencia y otros. <em>Liminal</em>. Bogotá: Banco de la República, 2019.</p>



<p>Diéguez, Ileana. <em>Escenarios liminales: teatralidades, performances y política</em>. Buenos Aires: Atuel, 2007.</p>



<p>Dubatti, Jorge. <em>El convivio teatral. Teoría y práctica del Teatro Comparado</em>. Buenos Aires: Atuel, 2003a. </p>



<p>Han, Byung-Chul. <em>La expulsión de lo distinto</em>. Barcelona: Herder, 2017.</p>



<p>Labelle, Brandon. <em>Agencia Sónica: el sonido y las formas incipientes de resistencia</em>. Jaén: UJA, 2020. </p>



<p>Lehmann, Hans-Thies. <em>El teatro posdramático</em>. México: Paso de gato, 2013. </p>



<p>Meigh-Andrews. <em>A History of Video Art</em>. Londres: Bloombsbury, 2013.</p>



<p>Nancy, Jean-Luc. <em>A la escucha</em>. Buenos Aires: Amorrortu, 2007.</p>



<p>Pareyson, Luigi. <em>Estetica. Teoría della formatività</em>. (trad. Marta Auguste), Bolonia, Zanichelli. Ediciones Xorki, 2014.</p>



<p>Rubiano Pinilla, Elkin. <em>Los Rostros, Las Tumbas y Los Rastros : El Dolor de la Guerra en el Arte Colombiano.</em> Bogota: Editorial UTADEO, 2022.</p>



<p>Shakespeare, William. <em>Hamlet. Obras Completas</em>. Madrid: Aguilar, 1951.</p>



<p>Spinoza, Baruch. <em>Ética demostrada según el orden geométrico</em>. Madrid: Trotta, 2020.</p>



<p>Vattimo, Giani. <em>Il concetto di fare in Aristotele</em>, <em>Opere Complete</em>. Vol. I, Tomo 1. Roma: Ed. Meltemi, 2007.</p>



<p>Youngblood, Gene. <em>Cine expandido</em>. Buenos Aires: EDUNTREF, 2012.</p>



<p></p>



<ul class="wp-block-list">
<li><strong><a href="https://visiones.uniandes.edu.co/juan-luna/la-ratonera-desarrollo-del-dispositivo-escenico-como-instalacion-teatral/" data-type="page" data-id="32">La Ratonera &#8211; Desarrollo del dispositivo como instalación escénica</a></strong></li>



<li><strong><a href="https://visiones.uniandes.edu.co/juan-luna/" data-type="page" data-id="63">Hamlet o cómo decirle que no a un padre (muerto)</a></strong></li>
</ul>

<p>«¡Acordarme de ti! Sí, alma infeliz, mientras haya memoria en este agitado mundo. Yo me acordaré, y borraré de mi fantasía todos los recuerdos frívolos, las sentencias de los libros, las ideas e impresiones de lo pasado que la juventud y la observación estamparon en ella. Tu precepto sólo vivirá escrito en el libro y&hellip; <a class="more-link" href="https://visiones.uniandes.edu.co/juan-luna/bibliografia/">Seguir leyendo <span class="screen-reader-text">Bibliografía</span></a></p>
