{"id":552,"date":"2024-05-11T03:45:42","date_gmt":"2024-05-11T01:45:42","guid":{"rendered":"https:\/\/visiones.uniandes.edu.co\/juan-luna\/?page_id=552"},"modified":"2024-05-23T07:43:00","modified_gmt":"2024-05-23T05:43:00","slug":"agradecimientos","status":"publish","type":"page","link":"https:\/\/visiones.uniandes.edu.co\/juan-luna\/agradecimientos\/","title":{"rendered":"Agradecimientos"},"content":{"rendered":"\n<p class=\"has-text-align-left\">Quiero agradecer en primer lugar a Andrea Lozano, decana de la Facultad de Artes y Humanidades, y a Pedro Salazar, director del \u00c1rea de Artes Esc\u00e9nicas de la facultad, por haber confiado en m\u00ed y haberme dado la oportunidad de llevar a cabo esta Maestr\u00eda en la Universidad de los Andes. Es una oportunidad \u00fanica en la vida, gracias.<\/p>\n\n\n\n<p class=\"has-text-align-left\">En segundo lugar quiero expresar mi gratitud por este a\u00f1o y medio de grandes aprendizajes a Carmen Gil, mi tutora de proyecto, y a todos\/as los\/las profesores\/as de la Maestr\u00eda, cuyos consejos y perspectivas enriquecieron y guiaron mi investigaci\u00f3n cada semestre. Me siento muy feliz de haber compartido este proceso con ustedes.<\/p>\n\n\n\n<p class=\"has-text-align-left\">En tercer lugar me gustar\u00eda agradecer a mi equipo de trabajo y a todas las personas que, de una u otra manera, estuvieron involucradas con este proceso y que, sin su aporte, no habr\u00eda podido llevar a buen puerto esta aventura creativa: Juan Pablo Acosta, por apostarle desde el principio y arriesgarse a ser Juan\/Hamlet y darle vuelo a esta empresa; Diego Garc\u00eda, por esa generosidad para estar presente desde el comienzo con su exquisita m\u00fasica en el violonchelo y su aporte actoral; Hern\u00e1n Cabiativa, por llegar con todo su humor, generosidad y actuaci\u00f3n genuina para completar el equipo; a Juli\u00e1n Mora, gracias por compartir su historia y regalarnos una escena virtual actuada desde los Estados Unidos para el mundo; Sonia Rojas, por sumarse con entusiasmo desde las artes pl\u00e1sticas con su obra que enriquece y multiplica los sentidos de la instalaci\u00f3n; Nicol\u00e1s Miranda, por ser el editor de confianza y aportar con su experticia y mirada al material audiovisual de la obra; Estefan\u00eda Guarqu\u00edn por toda su ayuda y compromiso para sacar adelante el proyecto a nivel de objetos y montaje; Luis David C\u00e1ceres, Renzo Rospigliosi y Andr\u00e9s Blanco gracias por sus aportes y ayuda en la parte t\u00e9cnica y tecnol\u00f3gica de la obra; Venerable Tenzin Zumkar, padre Carlo Zardin y Juan Gabriel Ruiz por ese bello conversatorio desde distintas perspectivas filos\u00f3ficas y espirituales sobre diversos temas en <em>Hamlet<\/em>; A Javier Am\u00e9zquita por compartir su historia de vida conmigo; Juan Esteban P\u00e9rez y Mariana Vilardi por la grabaci\u00f3n del conversatorio; a Fernanda Avenda\u00f1o, Isabel Navarrete, Juan David Mor\u00e1n, y Esther Arag\u00f3n por prestar sus voces para darle expresi\u00f3n sonora a tantos testimonios de ex combatientes an\u00f3nimos que se vieron vinculados con la venganza; Antonny Rodr\u00edguez Brafina, gracias por regalarnos esas hermosas notas de la flauta de millo; Juana Monsalve por su generosidad para prestarme el looper cada vez que lo necesit\u00e9; y al CIC por haberme otorgado el apoyo econ\u00f3mico para poder terminar el proyecto.<\/p>\n\n\n\n<p class=\"has-text-align-left\">Por \u00faltimo, pero con todo el amor, quisiera agradecer a mi madre y mis hermanos por estar siempre presentes apoy\u00e1ndome y d\u00e1ndome \u00e1nimo; a mi padre, que desde \u00abel pa\u00eds de cuyas fronteras ning\u00fan viajero vuelve\u00bb, me inspira y acompa\u00f1a en este camino; y a Carolina Rojas por acompa\u00f1arme, escucharme y ayudarme en todo momento.<\/p>\n\n\n\n<ul class=\"wp-block-list\">\n<li><strong><a href=\"https:\/\/visiones.uniandes.edu.co\/juan-luna\/\" data-type=\"page\" data-id=\"63\">Hamlet o c\u00f3mo decirle que no a un padre (muerto)<\/a><\/strong><\/li>\n<\/ul>\n","protected":false},"excerpt":{"rendered":"<p>Quiero agradecer en primer lugar a Andrea Lozano, decana de la Facultad de Artes y Humanidades, y a Pedro Salazar, director del \u00c1rea de Artes Esc\u00e9nicas de la facultad, por haber confiado en m\u00ed y haberme dado la oportunidad de llevar a cabo esta Maestr\u00eda en la Universidad de los Andes. Es una oportunidad \u00fanica&hellip; <a class=\"more-link\" href=\"https:\/\/visiones.uniandes.edu.co\/juan-luna\/agradecimientos\/\">Seguir leyendo <span class=\"screen-reader-text\">Agradecimientos<\/span><\/a><\/p>\n","protected":false},"author":204,"featured_media":0,"parent":0,"menu_order":0,"comment_status":"closed","ping_status":"closed","template":"","meta":{"_themeisle_gutenberg_block_has_review":false,"footnotes":""},"class_list":["post-552","page","type-page","status-publish","hentry","entry"],"_links":{"self":[{"href":"https:\/\/visiones.uniandes.edu.co\/juan-luna\/wp-json\/wp\/v2\/pages\/552","targetHints":{"allow":["GET"]}}],"collection":[{"href":"https:\/\/visiones.uniandes.edu.co\/juan-luna\/wp-json\/wp\/v2\/pages"}],"about":[{"href":"https:\/\/visiones.uniandes.edu.co\/juan-luna\/wp-json\/wp\/v2\/types\/page"}],"author":[{"embeddable":true,"href":"https:\/\/visiones.uniandes.edu.co\/juan-luna\/wp-json\/wp\/v2\/users\/204"}],"replies":[{"embeddable":true,"href":"https:\/\/visiones.uniandes.edu.co\/juan-luna\/wp-json\/wp\/v2\/comments?post=552"}],"version-history":[{"count":9,"href":"https:\/\/visiones.uniandes.edu.co\/juan-luna\/wp-json\/wp\/v2\/pages\/552\/revisions"}],"predecessor-version":[{"id":704,"href":"https:\/\/visiones.uniandes.edu.co\/juan-luna\/wp-json\/wp\/v2\/pages\/552\/revisions\/704"}],"wp:attachment":[{"href":"https:\/\/visiones.uniandes.edu.co\/juan-luna\/wp-json\/wp\/v2\/media?parent=552"}],"curies":[{"name":"wp","href":"https:\/\/api.w.org\/{rel}","templated":true}]}}

<p class="has-text-align-left">Quiero agradecer en primer lugar a Andrea Lozano, decana de la Facultad de Artes y Humanidades, y a Pedro Salazar, director del Área de Artes Escénicas de la facultad, por haber confiado en mí y haberme dado la oportunidad de llevar a cabo esta Maestría en la Universidad de los Andes. Es una oportunidad única en la vida, gracias.</p>



<p class="has-text-align-left">En segundo lugar quiero expresar mi gratitud por este año y medio de grandes aprendizajes a Carmen Gil, mi tutora de proyecto, y a todos/as los/las profesores/as de la Maestría, cuyos consejos y perspectivas enriquecieron y guiaron mi investigación cada semestre. Me siento muy feliz de haber compartido este proceso con ustedes.</p>



<p class="has-text-align-left">En tercer lugar me gustaría agradecer a mi equipo de trabajo y a todas las personas que, de una u otra manera, estuvieron involucradas con este proceso y que, sin su aporte, no habría podido llevar a buen puerto esta aventura creativa: Juan Pablo Acosta, por apostarle desde el principio y arriesgarse a ser Juan/Hamlet y darle vuelo a esta empresa; Diego García, por esa generosidad para estar presente desde el comienzo con su exquisita música en el violonchelo y su aporte actoral; Hernán Cabiativa, por llegar con todo su humor, generosidad y actuación genuina para completar el equipo; a Julián Mora, gracias por compartir su historia y regalarnos una escena virtual actuada desde los Estados Unidos para el mundo; Sonia Rojas, por sumarse con entusiasmo desde las artes plásticas con su obra que enriquece y multiplica los sentidos de la instalación; Nicolás Miranda, por ser el editor de confianza y aportar con su experticia y mirada al material audiovisual de la obra; Estefanía Guarquín por toda su ayuda y compromiso para sacar adelante el proyecto a nivel de objetos y montaje; Luis David Cáceres, Renzo Rospigliosi y Andrés Blanco gracias por sus aportes y ayuda en la parte técnica y tecnológica de la obra; Venerable Tenzin Zumkar, padre Carlo Zardin y Juan Gabriel Ruiz por ese bello conversatorio desde distintas perspectivas filosóficas y espirituales sobre diversos temas en <em>Hamlet</em>; A Javier Amézquita por compartir su historia de vida conmigo; Juan Esteban Pérez y Mariana Vilardi por la grabación del conversatorio; a Fernanda Avendaño, Isabel Navarrete, Juan David Morán, y Esther Aragón por prestar sus voces para darle expresión sonora a tantos testimonios de ex combatientes anónimos que se vieron vinculados con la venganza; Antonny Rodríguez Brafina, gracias por regalarnos esas hermosas notas de la flauta de millo; Juana Monsalve por su generosidad para prestarme el looper cada vez que lo necesité; y al CIC por haberme otorgado el apoyo económico para poder terminar el proyecto.</p>



<p class="has-text-align-left">Por último, pero con todo el amor, quisiera agradecer a mi madre y mis hermanos por estar siempre presentes apoyándome y dándome ánimo; a mi padre, que desde «el país de cuyas fronteras ningún viajero vuelve», me inspira y acompaña en este camino; y a Carolina Rojas por acompañarme, escucharme y ayudarme en todo momento.</p>



<ul class="wp-block-list">
<li><strong><a href="https://visiones.uniandes.edu.co/juan-luna/" data-type="page" data-id="63">Hamlet o cómo decirle que no a un padre (muerto)</a></strong></li>
</ul>

<p>Quiero agradecer en primer lugar a Andrea Lozano, decana de la Facultad de Artes y Humanidades, y a Pedro Salazar, director del Área de Artes Escénicas de la facultad, por haber confiado en mí y haberme dado la oportunidad de llevar a cabo esta Maestría en la Universidad de los Andes. Es una oportunidad única&hellip; <a class="more-link" href="https://visiones.uniandes.edu.co/juan-luna/agradecimientos/">Seguir leyendo <span class="screen-reader-text">Agradecimientos</span></a></p>
